{"id":361,"date":"2023-08-07T13:13:20","date_gmt":"2023-08-07T11:13:20","guid":{"rendered":"http:\/\/www.muskelenergie.de\/?page_id=361"},"modified":"2023-09-03T14:11:34","modified_gmt":"2023-09-03T12:11:34","slug":"praxis","status":"publish","type":"page","link":"http:\/\/www.muskelenergie.de\/?page_id=361","title":{"rendered":"Herzlich willkommen!"},"content":{"rendered":"\n<p>Mein Name ist Dr. med. Jochen Knies und ich bin Facharzt f\u00fcr Orthop\u00e4die mit Zusatzausbildung in Manueller Medizin, Osteopathie und Akupunktut.<\/p>\n\n\n\n<p>Die Praxis im Hammerweg 8 in Rosenheim ist ein freundlicher und ruhiger Ort zur Diagnostik und Therapie von Schmerzen des Bewegungsapparates. <\/p>\n\n\n\n<p>Seit vielen Jahren behandle ich (meist erfolgreich) Kopf- und Nackenschmerzen, muskul\u00e4re Beschwerden, R\u00fcckenprobleme, Sehnenver\u00e4nderungen und aktivierte Arthrosen, auch vor oder nach Operationen. <\/p>\n\n\n\n<figure class=\"wp-block-image size-large\"><a href=\"http:\/\/www.muskelenergie.de\/wp-content\/uploads\/2015\/03\/CT-L5-S1-7.jpg\"><img loading=\"lazy\" decoding=\"async\" width=\"1024\" height=\"685\" src=\"http:\/\/www.muskelenergie.de\/wp-content\/uploads\/2015\/03\/CT-L5-S1-7-1024x685.jpg\" alt=\"\" class=\"wp-image-251\" srcset=\"http:\/\/www.muskelenergie.de\/wp-content\/uploads\/2015\/03\/CT-L5-S1-7.jpg 1024w, http:\/\/www.muskelenergie.de\/wp-content\/uploads\/2015\/03\/CT-L5-S1-7-300x201.jpg 300w\" sizes=\"auto, (max-width: 1024px) 100vw, 1024px\" \/><\/a><\/figure>\n\n\n\n<p><\/p>\n\n\n\n<p>Ich behandle lokal die schmerzhaften Sehnenans\u00e4tze, verbessere die Durchblutung der verspannten Muskulatur, mache Injektionen zur Verringerung von Gelenkerg\u00fcssen, mobilisiere die Faszien und gebe Hinweise zur Senkung der allgemeinen Entz\u00fcndungsbereitschaft und zur Ab\u00e4nderung der schmerzhaften Bewegung selber. Im Verlauf frage ich immer wieder nach, wie es Ihnen so geht unter und nach der Behandlung.<\/p>\n\n\n\n<p>Die Behandlungsmethoden sind vielf\u00e4ltig und \u00fcber die Jahre sicher erlernt. Die &#8222;Vielfalt&#8220; der Methoden ist dadurch bedingt, dass jeder Patient, bzw. sein K\u00f6rper etwas anders reagieren und die vertr\u00e4glichste und hilfreichste Methode dadurch auch verschieden sind:<\/p>\n\n\n\n<p>&#8222;Klassische&#8220; orthop\u00e4dische Schmerztherapie <br>Bewegungsempfehlungen<br>Injektionstherapie (Lokalan\u00e4sthetika, Corticoide, Glucose, ACP, Hyalurons\u00e4ure)<br>Diagnostik und Injektionskontrolle mit einem modernen Ultraschallger\u00e4t<br>Manuelle Triggerpunkttherapie und Mobilisation<br>Radiale und fokussierte Sto\u00dfwellen<br>Akupunktur (klassisch, SDN und DDN), <br>Osteopathische Faszienbehandlung nach Typaldos, <br>EMTT mit dem Magnetolithen der Firma Storz. <\/p>\n\n\n\n<p><\/p>\n","protected":false},"excerpt":{"rendered":"<p>Mein Name ist Dr. med. Jochen Knies und ich bin Facharzt f\u00fcr Orthop\u00e4die mit Zusatzausbildung in Manueller Medizin, Osteopathie und Akupunktut. Die Praxis im Hammerweg 8 in Rosenheim ist ein freundlicher und ruhiger Ort zur Diagnostik und Therapie von Schmerzen des Bewegungsapparates. Seit vielen Jahren behandle ich (meist erfolgreich) Kopf- und Nackenschmerzen, muskul\u00e4re Beschwerden, R\u00fcckenprobleme, [&hellip;]<\/p>\n","protected":false},"author":1,"featured_media":0,"parent":0,"menu_order":0,"comment_status":"closed","ping_status":"closed","template":"","meta":{"footnotes":""},"class_list":["post-361","page","type-page","status-publish","hentry"],"_links":{"self":[{"href":"http:\/\/www.muskelenergie.de\/index.php?rest_route=\/wp\/v2\/pages\/361","targetHints":{"allow":["GET"]}}],"collection":[{"href":"http:\/\/www.muskelenergie.de\/index.php?rest_route=\/wp\/v2\/pages"}],"about":[{"href":"http:\/\/www.muskelenergie.de\/index.php?rest_route=\/wp\/v2\/types\/page"}],"author":[{"embeddable":true,"href":"http:\/\/www.muskelenergie.de\/index.php?rest_route=\/wp\/v2\/users\/1"}],"replies":[{"embeddable":true,"href":"http:\/\/www.muskelenergie.de\/index.php?rest_route=%2Fwp%2Fv2%2Fcomments&post=361"}],"version-history":[{"count":7,"href":"http:\/\/www.muskelenergie.de\/index.php?rest_route=\/wp\/v2\/pages\/361\/revisions"}],"predecessor-version":[{"id":420,"href":"http:\/\/www.muskelenergie.de\/index.php?rest_route=\/wp\/v2\/pages\/361\/revisions\/420"}],"wp:attachment":[{"href":"http:\/\/www.muskelenergie.de\/index.php?rest_route=%2Fwp%2Fv2%2Fmedia&parent=361"}],"curies":[{"name":"wp","href":"https:\/\/api.w.org\/{rel}","templated":true}]}}